the remainder when 214 is divided by 4*45/(-35)*-7.
34
Suppose -13*v + 21*v - 128 = 0. Calculate the remainder when 30 is divided by v.
14
Calculate the remainder when (-78)/(-9) + (-2)/(-6) is divided by (-7)/2*96/(-56).
3
Suppose 0 = -0*m - 3*m + 36. Calculate the remainder when (-4 + 5)*-2*(-90)/4 is divided by m.
9
Suppose 4*f + 2*f - 306 = 0. Calculate the remainder when f is divided by 18.
15
Let a = 42 + -15. Calculate the remainder when 103 is divided by a.
22
Let h(k) = k**3 + 2*k**2 - 7*k. Calculate the remainder when 47 is divided by h(-3).
11
Let g(s) = -2*s - 1 + 1. Let m be g(-4). Suppose -n + 2*n - 18 = -3*t, 2*t = m. Calculate the remainder when 10 is divided by n.
4
Suppose -2*o + 12 = 2*o. What is the remainder when (6 - o) + (-9)/(-3) is divided by 4?
2
Let t(w) = w**2 + w. Let n(y) = 2*y**3 - 3*y**2 - 4*y. Let g(l) = -n(l) - 3*t(l). Suppose -24 = -0*d - 3*d. What is the remainder when g(-2) is divided by d?
6
Suppose -2*z = 5*l - 8*l + 28, -5*z - 4*l - 47 = 0. Let d = 22 + z. Suppose 2*m = d + 15. Calculate the remainder when 38 is divided by m.
12
Suppose -v + 1 = -1. Suppose -v*x = -0*x - 10. Suppose x*z - 20 = -0*z. What is the remainder when 10 is divided by z?
2
Suppose -40 = -7*k - 3*k. Calculate the remainder when 17 is divided by k.
1
Let t = -1 + 5. Suppose -t*b + 2*b = -28. Calculate the remainder when 26 is divided by b.
12
Suppose 4*i = -4*w + 21 + 31, -4*i + 16 = 0. What is the remainder when 43 is divided by w?
7
Let d = -75 + 117. Let t = d + -29. Calculate the remainder when 37 is divided by t.
11
Let n(i) be the third derivative of i**6/120 - i**5/15 + i**4/6 - 2*i**3/3 - 2*i**2. Calculate the remainder when n(5) is divided by ((-28)/(-6))/((-9)/(-27)).
13
Let u(o) = -o - 3. Let j be u(7). What is the remainder when 59 is divided by (16/j)/(8/(-100))?
19
Calculate the remainder when ((-13)/3)/((-7)/42) is divided by 7.
5
Let r = 223 + -88. What is the remainder when r is divided by 23?
20
Calculate the remainder when 13 is divided by 8/10*(1 + 9).
5
Let w be ((-2)/(-3))/(6/(-9)). What is the remainder when (w - -2) + (-52)/(-2) is divided by 14?
13
Suppose -3*r + 97 = -2*t - 104, -r - 2*t + 59 = 0. Calculate the remainder when r is divided by 22.
21
Let h(n) = -n**3 + 19. Suppose 0 = -5*u - 2*s, 4*u - 4*s = u. What is the remainder when 36 is divided by h(u)?
17
Let z = 42 + -15. Let q(v) = -v**3 + 4*v**2 - v - 2. Let c be q(3). Suppose 5*t - 38 = -4*h, -h - 46 = -c*t + h. Calculate the remainder when z is divided by t.
7
Let d(l) = -l**2 - 6*l + 1. Let k be d(-7). Let q(j) = -j**2 - 6*j + 3. Let b be q(k). What is the remainder when 1/(b*1/21) is divided by 4?
3
Let f(q) = q**2 - 7*q. Let a be f(7). Suppose o = -a*o + 19. What is the remainder when 73 is divided by o?
16
Suppose -19 = -2*v + m, -v + 6 - 1 = m. Suppose v = 4*p - 0. Suppose -3*j + 9 = k, j - 4 = -p*k - 6. Calculate the remainder when j is divided by 2.
0
Let p(o) = 3*o**2 + 2*o + 126. What is the remainder when p(0) is divided by 32?
30
Suppose 0 = 5*y + 14 - 49. Calculate the remainder when 41 is divided by y.
6
Let g(f) = f**2 - 2*f - 5. Let j be g(-5). Suppose 0 = -2*z - 34 + 10. Let c = j + z. Calculate the remainder when 35 is divided by c.
17
Suppose -8*n = -11*n + 12. Suppose -n*l + 93 = -f, 2*f - 11 - 1 = -l. Calculate the remainder when l is divided by 2*6*(-2 + 3).
10
Let h(p) = -p**3 + 10*p**2 - 7*p - 15. What is the remainder when h(8) is divided by 15?
12
Let f(u) = u + 2. Let r be f(14). Suppose 3*w + r = 5*w. Calculate the remainder when 15 is divided by w.
7
Let n = -38 + 54. Calculate the remainder when 31 is divided by n.
15
Suppose 2*m - 72 = 2*s, 0*s - 4 = 2*s. Suppose 5*i - 131 = m. Let r = i + -19. Calculate the remainder when 39 is divided by r.
11
Let y = -18 + 21. Calculate the remainder when 10 is divided by y.
1
Let t be (-8*(-4)/8)/2. Suppose 3*u = -t*u + 115. What is the remainder when u is divided by 12?
11
Suppose -3*l - 5*n = -66 - 23, 5*l + 3*n - 143 = 0. Calculate the remainder when 110 is divided by l.
26
Let m(y) = -y**3 + 3*y**2 - 2*y - 4. Let k be m(3). Let c = 30 + -24. Calculate the remainder when (-206)/k + (-2)/(-5) is divided by c.
3
Let l be -2*1*55/2. Let h = -32 - l. Calculate the remainder when 44 is divided by h.
21
Suppose 4*k = -k. Suppose 21 = 3*y - k. What is the remainder when y is divided by 3?
1
Suppose 3*t - 11 - 79 = 0. What is the remainder when t is divided by 16?
14
Let d(q) = -q - 6. Let k be d(0). Let o = 17 - k. What is the remainder when o is divided by 13?
10
Suppose 8 = -2*n + 54. Suppose n + 13 = 3*b. What is the remainder when 23 is divided by b?
11
Let y(h) = h**3 - 4*h**2 + 2*h - 4. Let d be y(4). Suppose 3*r + 17 = d*r. Calculate the remainder when r is divided by 10.
7
Let y(r) be the first derivative of r**3/3 + 9*r**2/2 - 5*r - 1. Let s be y(-5). Calculate the remainder when (-1)/(-2) + s/(-10) is divided by 2.
1
Suppose -f - 3*f = 2*n - 28, f + 2 = -5*n. Calculate the remainder when 15 is divided by f.
7
Let d = -15 - -25. What is the remainder when 27 is divided by d?
7
Let l(j) = 3*j + 11. Let d(m) = -7*m - 22. Let n(a) = 3*d(a) + 5*l(a). What is the remainder when n(-5) is divided by -2*10/(-4)*2?
9
Let k be 8/3 + (-4)/6. Suppose 8 = k*o - 0. Suppose -3*v + 12 = i - 68, o*i = 2*v - 44. What is the remainder when v is divided by 14?
12
Let l(n) = 6*n + 2. Let v be l(1). Suppose -v*f + 37 = -7*f. What is the remainder when f is divided by 19?
18
Suppose -5*l - 45 = -n, 0*l + 8 = -2*l. Suppose 2*h - 44 + 18 = 0. Calculate the remainder when n is divided by h.
12
Suppose 0 = 5*j - 0 - 125. Suppose 4 = 2*p, -5*f = -3*f - 5*p - 36. Let n = 36 - f. Calculate the remainder when j is divided by n.
12
Let n(j) = -2*j**2 - 15*j - 5. Calculate the remainder when (1 + 0)/((-1)/(-51)) is divided by n(-6).
12
Suppose -3*r + 8*r = 90. What is the remainder when 52 is divided by r?
16
Let u(s) = s**2 - 6*s. Let d = -15 + 37. Suppose 2*k - d = -2. What is the remainder when u(k) is divided by 14?
12
Let k = 95 - 51. Calculate the remainder when 173 is divided by k.
41
Let w(y) = -y**2 + y + 7. Calculate the remainder when 13 is divided by w(0).
6
Let d(c) = c**3 + 3*c**2 - 3*c - 1. Let f be d(-3). Let s = 49 - f. Calculate the remainder when s is divided by 21.
20
Calculate the remainder when (-2)/(-3)*(-138)/(-4) is divided by 8.
7
Let t = 43 - 25. Let p(h) = -h**2 + 3*h + 7. Let b be p(5). Let k = 7 - b. What is the remainder when t is divided by k?
8
Suppose 4*j = 5*h - 44, 5*j + 29 = 4*h - h. Suppose 2*y + 4*a - 13 = y, -5*y + 35 = 5*a. Calculate the remainder when h is divided by y.
3
Suppose 160 = i + 3*i. Let r = i - 25. Calculate the remainder when 28 is divided by r.
13
Suppose -l - 3*f = 0, 5*l + 3*f = 2 + 34. Calculate the remainder when 20*-4*2/(-10) is divided by l.
7
Let f(q) = 5*q**2 - 6*q**2 - 2 + 2*q**2. Suppose 0 = -5*a - 15. Calculate the remainder when f(a) is divided by 5.
2
Let n(w) = 3*w + 1. Let r(k) = -2*k - 6 + 4 - k. What is the remainder when n(10) is divided by r(-6)?
15
Suppose 2*p = 5*p - 69. Let g = 8 - 17. What is the remainder when p is divided by g/3*(-8)/2?
11
Let w be (-32)/(-12)*15/2. Suppose -2*b = 2*b - w. Calculate the remainder when 13 is divided by b.
3
Suppose -2*q + 4*g = -222, -478 = -3*q - g - 110. What is the remainder when q is divided by 41?
39
Suppose -p + 9 = -16. Calculate the remainder when p is divided by 17.
8
Let n(p) = 3*p**2 - 16*p + 56. What is the remainder when n(9) is divided by 26?
25
Let z = -217 - -376. Calculate the remainder when z is divided by 41.
36
Suppose 4*j - 31 = -u, 3*j + 181 = 8*u - 4*u. What is the remainder when 298 is divided by u?
40
Suppose -x = -2*r - 4*x + 31, 2*x - 58 = -4*r. Let f(i) = -i**3 + 9*i**2 + 4*i - 9. Calculate the remainder when f(9) is divided by r.
13
Suppose -2*j + k + 4 = 0, -3*j - j - 5*k = 20. Suppose j*n = -n + 26. What is the remainder when n is divided by 9?
8
Suppose -2*u - 5 = -7*u, -c + 2*u + 7 = 0. Suppose -2*x = -2*f - 3*x + 56, 3*f = 5*x + 58. Suppose f - 1 = t. Calculate the remainder when t is divided by c.
7
Suppose -4*q - 9 - 7 = 0. What is the remainder when 17 is divided by -1 + 1 + (-24)/q?
5
Suppose 0 = -2*a + 93 - 31. Suppose a = 3*b + 10. Let v(i) = 7*i - 8